nder when 68958366 is divided by 369.
15
Calculate the remainder when 27987450 is divided by 916.
902
What is the remainder when 742170 is divided by 430?
420
What is the remainder when 371878 is divided by 74317?
293
What is the remainder when 1221720 is divided by 323?
134
Calculate the remainder when 1628433 is divided by 97.
94
What is the remainder when 10277639 is divided by 315?
134
Calculate the remainder when 24043560 is divided by 93.
84
What is the remainder when 38055 is divided by 49?
31
What is the remainder when 281334 is divided by 34550?
4934
What is the remainder when 3022082 is divided by 251?
42
What is the remainder when 667884 is divided by 33394?
4
What is the remainder when 19944634 is divided by 1868?
1866
Calculate the remainder when 13092 is divided by 334.
66
What is the remainder when 110706717 is divided by 816?
813
Calculate the remainder when 2556933 is divided by 1278399.
135
What is the remainder when 331992 is divided by 165995?
2
Calculate the remainder when 5353314 is divided by 655.
654
What is the remainder when 1894020 is divided by 321?
120
What is the remainder when 131278789 is divided by 202?
201
Calculate the remainder when 8894373 is divided by 4855.
13
Calculate the remainder when 11957 is divided by 2893.
385
What is the remainder when 960435 is divided by 120050?
35
What is the remainder when 105645961 is divided by 9802?
5
What is the remainder when 28227176 is divided by 1972?
1940
What is the remainder when 1587757 is divided by 148?
13
What is the remainder when 358151 is divided by 29829?
203
Calculate the remainder when 2135871 is divided by 6759.
27
What is the remainder when 894409 is divided by 52612?
5
Calculate the remainder when 42083504 is divided by 14027829.
17
What is the remainder when 1449598 is divided by 335?
53
Calculate the remainder when 220994 is divided by 878.
616
Calculate the remainder when 371494 is divided by 371489.
5
What is the remainder when 3915875 is divided by 47?
23
What is the remainder when 54913595 is divided by 554?
7
Calculate the remainder when 43730948 is divided by 910.
898
What is the remainder when 136787 is divided by 975?
287
Calculate the remainder when 49984 is divided by 5380.
1564
What is the remainder when 8465967 is divided by 223?
218
Calculate the remainder when 739126 is divided by 3067.
3046
Calculate the remainder when 28360 is divided by 13561.
1238
What is the remainder when 93742 is divided by 18659?
447
What is the remainder when 65610 is divided by 1567?
1363
What is the remainder when 7705556 is divided by 42?
26
What is the remainder when 551935 is divided by 166?
151
Calculate the remainder when 117163501 is divided by 9.
7
Calculate the remainder when 175475 is divided by 6800.
5475
Calculate the remainder when 475798 is divided by 54.
4
What is the remainder when 237082 is divided by 8994?
3238
What is the remainder when 76150859 is divided by 95?
94
Calculate the remainder when 12029 is divided by 1334.
23
Calculate the remainder when 3375298 is divided by 6006.
5932
What is the remainder when 2668575 is divided by 1334278?
19
What is the remainder when 3631869 is divided by 980?
969
What is the remainder when 52188 is divided by 48839?
3349
Calculate the remainder when 5434800 is divided by 1811569.
93
Calculate the remainder when 45410 is divided by 5188.
3906
Calculate the remainder when 536137 is divided by 1110.
7
Calculate the remainder when 29285801 is divided by 5119.
2
Calculate the remainder when 12063411 is divided by 558.
9
What is the remainder when 95690 is divided by 1773?
1721
Calculate the remainder when 440396121 is divided by 254.
253
What is the remainder when 470558 is divided by 10?
8
Calculate the remainder when 6119729 is divided by 4.
1
What is the remainder when 223846 is divided by 24?
22
Calculate the remainder when 6430848 is divided by 140.
88
What is the remainder when 90963 is divided by 45469?
25
Calculate the remainder when 971191 is divided by 971091.
100
Calculate the remainder when 36214905 is divided by 1351.
1350
What is the remainder when 1905748 is divided by 896?
852
Calculate the remainder when 44218374 is divided by 158.
20
What is the remainder when 148535 is divided by 13501?
24
Calculate the remainder when 290964 is divided by 2996.
352
What is the remainder when 661411 is divided by 156?
127
What is the remainder when 504042 is divided by 167926?
264
What is the remainder when 29735674 is divided by 12?
10
What is the remainder when 200358 is divided by 40071?
3
Calculate the remainder when 1612154 is divided by 202.
194
Calculate the remainder when 105969144 is divided by 1050.
1044
What is the remainder when 190269 is divided by 2?
1
What is the remainder when 16491232 is divided by 8245606?
20
Calculate the remainder when 44891777 is divided by 94509.
2
Calculate the remainder when 319116 is divided by 28830.
1986
What is the remainder when 26211813 is divided by 54?
51
What is the remainder when 47638625 is divided by 40?
25
What is the remainder when 4262285 is divided by 29806?
27
What is the remainder when 1537267 is divided by 32?
19
Calculate the remainder when 207635039 is divided by 1003.
1000
What is the remainder when 403623158 is divided by 23?
22
What is the remainder when 309644 is divided by 51502?
632
What is the remainder when 12537013 is divided by 668?
657
What is the remainder when 525468783 is divided by 62?
59
What is the remainder when 3595391 is divided by 878?
859
Calculate the remainder when 616205 is divided by 271.
222
Calculate the remainder when 12178279 is divided by 2029684.
175
What is the remainder when 13334 is divided by 5165?
3004
What is the remainder when 67879801 is divided by 41?
37
Calculate the remainder when 15434055 is divided by 5588.
5587
Calculate the remainder when 2216739 is divided by 3634.
3633
What is the remainder when 537078 is divided by 3494?
2496
What is the remainder when 196706 is divided by 10309?
835
Calculate the remainder when 408462 is divided by 2627.
1277
Calculate the remainder when 1882452 is divided by 19608.
84
What is the remainder when 16103 is divided by 1233?
74
What is the remainder when 78531 is divided by 15541?
826
What is the remainder when 95073 is divided by 752?
321
What is the remainder when 35246574 is divided by 4714?
4710
What is the remainder when 25032096 is divided by 19?
14
What is the remainder when 2884689 is divided by 438?
21
Calculate the remainder when 2171181 is divided by 294.
285
What is the remainder when 553694 is divided by 39543?
92
Calculate the remainder when 13250336 is divided by 44.
0
What is the remainder when 7944850 is divided by 965?
5
What is the remainder when 1108766 is divided by 39591?
218
What is the remainder when 449691 is divided by 449670?
21
Calculate the remainder when 393277232 is divided by 14.
12
What is the remainder when 67525 is divided by 4464?
565
What is the remainder when 3985139 is divided by 3380?
119
What is the remainder when 1979628 is divided by 2024?
156
Calculate the remainder when 37518437 is divided by 176.
165
What is the remainder when 45448 is divided by 372?
64
Calculate the remainder when 3668621 is divided by 1834295.
31
What is the remainder when 74936 is divided by 310?
226
Calculate the remainder when 1856510 is divided by 19962.
44
Calculate the remainder when 14326523 is divided by 436.
435
Calculate the remainder when 66603 is divided by 7058.
3081
What is the remainder when 179686 is divided by 12821?
192
Calculate the remainder when 338325 is divided by 6526.
5499
What is the remainder when 540757 is divided by 9995?
1027
What is the remainder when 772378 is divided by 387?
313
What is the remainder when 10378 is divided by 539?
137
Calculate the remainder when 103986668 is divided by 37.
18
What is the remainder when 149233 is divided by 13553?
150
Calculate the remainder when 62230748 is divided by 12.
8
What is the remainder when 2659689 is divided by 5576?
5513
What is the remainder when 48748 is divided by 24266?
216
What is the remainder when 688826 is divided by 18?
2
Calculate the remainder when 52860 is divided by 17.
7
Calculate the remainder when 9764211 is divided by 9517.
9286
Calculate the remainder w